= -x**2 - 12*x + 927. Calculate the remainder when 1130 is divided by v(24).
59
Suppose -l + 394 = -4*s + l, 0 = -4*s - 4*l - 424. Let f = -100 - s. Suppose -5*g + f = -89. What is the remainder when g is divided by 4?
2
Calculate the remainder when ((-4)/(72/(-1107)))/(21/1946) is divided by 95.
94
Let m(f) = -577*f**2 - 4*f + 1. Let y be m(-1). Let i = -526 - y. What is the remainder when i is divided by 40?
6
Suppose 3*p - 1992 = p - 1884. Calculate the remainder when 1527 is divided by p.
15
Let j be -4*-2*(-2)/(-16). What is the remainder when j + -5 + 83 + 27 is divided by 29?
19
Suppose 35*r - 1922 = 79736 + 7452. What is the remainder when r is divided by 26?
24
Let l = -151 - -152. Calculate the remainder when -4 + 469/14*(3 - l) is divided by 14.
7
Let m be (38/12 - (-1)/2)*3. Suppose -2*h = -m*h. Suppose h = -10*d + 244 + 346. What is the remainder when d is divided by 10?
9
Let m(f) = f**3 - 24*f**2 - 23*f + 6. Let c be m(25). Suppose -26*y + 2648 = -c. What is the remainder when y is divided by 14?
6
Suppose 192 = 3*c - 234. Suppose 2*f - 434 = -c. Let s = -5 - -20. Calculate the remainder when f is divided by s.
11
Let k = 8996 - 8947. What is the remainder when 8129 is divided by k?
44
Let h(k) = -4*k + 45. Suppose -4*x + 10 = -6. Calculate the remainder when h(x) is divided by -3 - (-3 + -13 + -3).
13
Suppose 5*n - g - 144 = 0, 4*g + 4 = -2*n + 44. Let k(m) = -2*m**3 + 86*m**2 + 3*m + 93. What is the remainder when k(43) is divided by n?
26
Let g(l) be the first derivative of 7*l**3/3 + 3*l**2/2 + l + 3. Calculate the remainder when g(-2) is divided by (-6)/(48/(-360) - 33/90).
11
Let o be 10/(0 + -3 + -3 + 5). Let w be (o/5 - -42) + 0. Suppose -8*a = -12*a + w. Calculate the remainder when 29 is divided by a.
9
Let d(y) = -6*y**3 + 2*y. Let p(i) = i**2 + 13*i - 2. Let j be p(-13). What is the remainder when d(-2) is divided by 2*j*36/32*-2?
8
Suppose -7*a + 788 = 473. What is the remainder when 505 is divided by (22/(-11))/6*a/(-1)?
10
What is the remainder when (-613)/(-2 - -10 - 9) is divided by 199?
16
Suppose -2*j - 32 + 4 = 0. Let g be (-4)/(j/12 - 6/(-12)). Suppose 4*u + g = 266. Calculate the remainder when u is divided by 23.
19
Let i = -232 - -327. Let k(u) be the third derivative of -2*u**5/15 + 17*u**4/8 - 11*u**3/6 - u**2 + 91*u. What is the remainder when i is divided by k(6)?
4
Let r = -30883 - -31053. What is the remainder when 2548 is divided by r?
168
Let a be 2035/44 - (-1)/(-4). Let r = 48 - a. Suppose 5*y - r*f - 3 - 49 = 0, 2*y + 4*f - 16 = 0. Calculate the remainder when y is divided by 7.
3
Calculate the remainder when 29 is divided by 1*18*66/(-264)*-2.
2
Let a be (677 - 12)/(-7) + 12. Suppose 5*o - 467 = -3*t, 7*t - 771 = 2*t - o. Let i = a + t. Calculate the remainder when i is divided by 25.
21
Suppose -3*v - v + 196 = 0. Suppose 112 = -5*r + w, 58*r - 4*w + 118 = 53*r. Let m = r + v. Calculate the remainder when m is divided by 18.
9
Let j(d) = -d**3 - 8*d**2 - 4*d. Let c be j(-6). Let a = c - -66. What is the remainder when a is divided by 12?
6
Let k(z) = 37*z + 402. Let f = -655 + 979. Calculate the remainder when f is divided by k(-8).
6
Suppose -2*k - 5*f = -108, 191*k - 189*k + 3*f - 108 = 0. What is the remainder when 1194 is divided by k?
6
Suppose -o = o - 26. Calculate the remainder when -43*(144/(-12))/12 is divided by o.
4
Suppose 41*z = 36*z + 980. Suppose -4*r = f - z, 0 = f + 2*f. Let b = -35 + r. What is the remainder when 41 is divided by b?
13
Let g(f) = 107*f + 231. What is the remainder when g(5) is divided by 26?
12
Let g(m) = -16*m**3 - 5*m**2 - 6*m - 2. Suppose 5*l - 15 = -0*l. Suppose -3*v = -93 + l. Calculate the remainder when g(-2) is divided by v.
28
Suppose n = 2*o - 297, -235 = o - n - 385. Calculate the remainder when 406 is divided by o.
112
Suppose 0 = -5*v - 3*h + 6*h + 20, -2*v + 8 = -4*h. What is the remainder when 51 is divided by (-39*1/v)/((-9)/12)?
12
Suppose 5*n + 79 + 34 = 2*s, 4*s = -n + 303. Let k = 17 + 2. Calculate the remainder when s is divided by k.
17
Suppose 0 = 25*s + 29*s + 648. Suppose 32 = 2*l + 2*l. What is the remainder when s + 72 - (8 - 2) is divided by l?
6
Let z = 822 + -1166. Let g = -324 - z. Calculate the remainder when 30 is divided by g.
10
Let y(j) = 97*j**2 - 2*j - 1. Let h = 9 - 10. Let u be y(h). What is the remainder when 125 is divided by u/28*6/(2 - 1)?
20
Let q be 2 - (-17)/5 - 18/(-30). Let n(d) = -2*d**2 + 13*d + 10. Calculate the remainder when 350 is divided by n(q).
14
Suppose -1026*q - 242 = -1028*q. Calculate the remainder when 437 is divided by q.
74
Let c = -45 - -45. Suppose c - 18 = -2*h. Suppose -h*n + 858 = -3*n. What is the remainder when n is divided by 24?
23
Calculate the remainder when 441 is divided by ((-120)/(-22) - 930/(-1705)) + -1 + 182.
67
Let h = -411 + 409. What is the remainder when 4 - ((-105)/(-140))/(h/48) is divided by 17?
5
Let l be (370/6)/(3/9). Let s = -111 + l. Calculate the remainder when s is divided by 7.
4
Let f(m) = 81*m - 334. Calculate the remainder when 133 is divided by f(5).
62
Suppose -780*a = -771*a - 3535 - 7391. Let b = -46 - -78. What is the remainder when a is divided by b?
30
Suppose -14*h + 9 + 19 = 0. Suppose 376 = 3*y + h*l, -y + 3*l = y - 229. What is the remainder when y is divided by 31?
29
Calculate the remainder when -1 - (0 - (175 + (-1 - -2))) is divided by 23.
14
Let u = -27748 - -27755. Calculate the remainder when 1859 is divided by u.
4
Let l(a) be the third derivative of a**5/30 - 5*a**4/12 - 5*a**3 + a**2 + 64*a. Let h = 25 - 9. Calculate the remainder when l(9) is divided by h.
10
Suppose u = 9*u + 19*u - 702. What is the remainder when 1738 is divided by u?
22
Let o = -2451 - -2660. What is the remainder when o is divided by 7?
6
Let f = -88 - -167. Suppose 119*b = 120*b - 3*c - 128, -3*c + 586 = 5*b. Suppose 0 = -6*p + b + f. Calculate the remainder when p is divided by 9.
6
Let w = 171 - 164. Suppose 2*l = -5*v + 33, w*v + 26 = 11*v + 2*l. Let h(u) = 3*u - 1. What is the remainder when v is divided by h(1)?
1
What is the remainder when 347 is divided by (1 + 3)/(-4) - (0 - 36)?
32
Let v = -3152 - -3246. What is the remainder when 1032 is divided by v?
92
Let c(w) = -6*w + 99. Calculate the remainder when 2*(-34 + 0)/(4/(-11)) is divided by c(13).
19
Suppose -36 = -4*s - 4*x, -3*s - 2*s = -3*x - 13. Suppose -s*j + 4*y + 156 = -167, j - 3*y - 58 = 0. Calculate the remainder when j is divided by 22.
1
Let h = -21614 + 21656. What is the remainder when 1922 is divided by h?
32
Suppose 5*w + k + 12 = 4*k, 0 = -4*k + 16. Let j be (-12)/(-42) - 290/(-14). Suppose w*g + 3*g - j = 0. What is the remainder when 19 is divided by g?
5
Let n(z) = 4*z**3 + 438*z**2 + 190*z - 558. What is the remainder when n(-109) is divided by 62?
14
Suppose 85*y + 67*y = -18*y + 10880. What is the remainder when 447 is divided by y?
63
Let g(y) = -y**2 - 10*y + 6. Let v be g(-8). Let l = 36 + -3. Let u = l - v. What is the remainder when 65 is divided by u?
10
Suppose 9*n - 386 = 127. What is the remainder when n is divided by (-16)/(-1) - 7/((-21)/(-12))?
9
Let w(t) = -23*t + 44. Let h be w(8). What is the remainder when 4/14 - 257/(-7) is divided by 442/20 + 14/h?
15
Suppose -40*m + 14*m = -8528. What is the remainder when m is divided by 111?
106
Suppose -107*p = -104*p + 279. Let o = 96 + p. Suppose 5*k - 3*d = 151, 0 = -k - o*k - d + 114. Calculate the remainder when k is divided by 16.
13
Let b(j) = j - 5. Let w be b(-3). Let a(v) = v**2 + 4*v - 24. Let h be a(w). Let r = 38 + h. What is the remainder when r is divided by 13?
7
Let r = 7608 + -7490. Calculate the remainder when r is divided by 59.
0
Let l = -34100 + 34129. What is the remainder when 19949 is divided by l?
26
Suppose 30 = 5*n - 155. Suppose 3*s + r - 4 - 417 = 0, 0 = 2*s - 4*r - 290. What is the remainder when s is divided by n?
30
Let w = 4 + -2. Let m be (0/2 - -1)/((-6)/(-150)). Suppose -w*q + 3 = -m. What is the remainder when 54 is divided by q?
12
Let g(f) = 26*f**2 + 20*f + 97. What is the remainder when g(5) is divided by 11?
0
Let g be 0 + 961 + -3 + (-5)/(-5). Let q = g + -630. Calculate the remainder when q is divided by 55.
54
Let k = 198 + -157. Suppose k = 3*c - 103. What is the remainder whe